 Calculate a(y).
-7
Let t(f) be the second derivative of -f**3/3 - 5*f**2/2 + 2*f. Let z be -4*(25/(-10) - -3). Let m be (z + -4)*1/1. Calculate t(m).
7
Let z(p) = -5*p**2 + 2*p - 2. Let a(r) = -r**2 + 0 + 6*r - 1 - 2 + 0*r**2. Let c be a(5). Give z(c).
-18
Suppose -22*x = -26*x - f - 39, 3*x - 2*f = -43. Let p(g) = -g**2 - 11*g + 5. Give p(x).
5
Let h(c) = 26*c + 10 - 19 + 3*c - 20 - 34*c. Give h(-6).
1
Let m(i) be the first derivative of i**4/12 + 7*i**3/6 + 2*i**2 - 7*i - 20. Let c(f) be the first derivative of m(f). What is c(-5)?
-6
Let o(z) = -z - 16. Let k(h) = 5. Let s(r) = 7*k(r) + 2*o(r). Let g(y) = 4*y**3 + y**2 + y - 1. Let c be g(1). Calculate s(c).
-7
Let b(y) = y - 3. Let d(v) = 1. Let l(p) = -2*b(p) + 10*d(p). Let j be l(12). Let m = j - -6. Let a(x) = -x**3 - 2*x**2 - 4*x - 3. Determine a(m).
5
Let d(r) be the second derivative of r**5/20 + r**4/3 - r**3/2 + 8*r**2 + 94*r. What is d(-5)?
6
Let u(q) = -5538*q**2 + 5539*q**2 - 1 - 2 - q + 1. Calculate u(0).
-2
Let a(d) = -d - 4. Let j be a(-3). Let q(x) be the first derivative of 7*x**4/4 + 2*x**3/3 + x**2 + x + 6. Give q(j).
-6
Let i = 36 - 29. Let o(y) = 2*y - 12. Let f be o(i). Let z(l) = -l**3 + 4*l**2 - 3*l + 3. Determine z(f).
5
Let k(q) be the second derivative of -q**3/6 + 3*q**2 - 19*q - 6. What is k(13)?
-7
Let c(f) be the second derivative of 0 + 7/120*f**5 + 1/24*f**4 + 0*f**2 + 3*f + 2/3*f**3. Let k(l) be the second derivative of c(l). Give k(1).
8
Let b(h) = 6 + h - 2*h - h**2 + 8*h. Suppose 2*i - 599 = -585. Calculate b(i).
6
Let x(d) = d**3 + 7*d**2 - 8*d. Suppose -41*l - 2 - 326 = 0. What is x(l)?
0
Let u = -9 + 15. Let n(b) = 7*b + b**3 + 115 + b**2 + 0*b**3 - 8*b**2 - 114. What is n(u)?
7
Let w = 6 - 4. Suppose 5*s = w*s + 3. Let i(p) be the third derivative of p**4/12 - p**3/6 - 3*p**2 - 145. Determine i(s).
1
Let m = 1 + 0. Let t(a) be the second derivative of 1/12*a**4 - 9*a + 1/6*a**3 + 0 - 1/2*a**2 - 1/5*a**5. Determine t(m).
-3
Let d(h) = h**2 - 3*h + 3. Let x = -143 - -145. Calculate d(x).
1
Suppose 3*j + 0*j = 9. Let t(q) = -5*q**2 - 3*q + 4*q**j - 5*q**3 + 2*q + 4. Suppose 52 = -150*f - 548. What is t(f)?
-8
Let l(y) = 7*y - 4. Let i(q) = -9*q + 3. Let h(p) = 4*i(p) + 5*l(p). What is h(-9)?
1
Let z be (1/(-1) - -1)/2. Let g = 2 + 0. Let n(u) = -1 - u - 1 + u**g - u**3 - 4. Calculate n(z).
-6
Let b(y) = -y**2 - 2*y + 5. Let i be b(-2). Let t(p) be the second derivative of -p + 0 - 1/3*p**4 - 1/20*p**i + p**3 - 1/2*p**2. Determine t(-5).
-6
Let d(s) = 3*s**2 + 23*s + 11. Let p(w) = -w**2 - 2*w + 3. Let o(y) = -d(y) - 2*p(y). Give o(-18).
1
Let j(y) = -8*y**2 - 67*y + 2. Let u be j(-8). Let n(x) = -x**2 + 25*x + 26. Give n(u).
0
Let k(v) = 2 - 7*v + 9 + 0 + 10*v. Calculate k(6).
29
Let s(n) = 17 - 22 - 6*n + 12 + 5*n. Determine s(-6).
13
Let v(j) = -j**2 - j. Let h(s) = s**3 - 2*s**2 - s - 19. Let i(y) = h(y) - v(y). Suppose 5*u - 6 = 3*n + 6, -3*n - 12 = u. Calculate i(u).
-19
Let g(c) = 14716*c - 14716*c + c**2 - 9. Calculate g(-5).
16
Let j be (-8)/(-3) + (-12)/18. Suppose 0*s = -j*s - 12. Let q(k) = k**2 + 4*k - 8. Give q(s).
4
Suppose 0 = 4*j - 4*c + 32, -5*j + 2*c + 0*c - 25 = 0. Let v be 0 + 4 + j/3. Let y(u) = -2 - 3*u**2 + 3*u + 4*u**3 - 2*u - 3*u**v + 2*u. Calculate y(3).
7
Let h = -249 + 253. Let z(a) be the second derivative of 0 - 8*a - 1/20*a**5 + 3/2*a**3 - 5/12*a**h + 4*a**2. Determine z(-6).
-10
Let a(u) = -u**2 - 3*u + 3. Let c(i) = -i**2 - 4*i - 3. Let v(m) = 3*m - 31. Let j be v(9). Let b be c(j). What is a(b)?
3
Suppose 3*l - 7 - 5 = h, -3*l = -3*h - 66. Let p = h - -28. Let d(v) = p - 6 - v - 1 - 1. Determine d(-5).
-2
Let p be (-10)/5*5/(-2). Let q(o) = -3*o - 3. Let a(j) = -4*j - 3. Let u = -4 - -1. Let i(l) = u*q(l) + 2*a(l). Determine i(p).
8
Let m be (-3 - -3)*(-2)/(-4). Suppose -u - 3*k + 16 = m, 2*u + 5*k = 34 - 4. Let h(l) = 11*l**2 - 2*l + l**3 + 10 - 3*l**2 + u*l. What is h(-7)?
3
Let r(q) = -7*q + 4. Let b(s) = -5*s + 4. Let a(v) = -5*b(v) + 4*r(v). What is a(4)?
-16
Let h(d) = 7 + d - 5 + 5*d**2 - 7. Let a(v) = 1. Let p(l) = -5*a(l) - h(l). Give p(-2).
-18
Let c(g) be the first derivative of -g**5/20 + 5*g**4/12 + g**3 - 7*g**2/2 + 24*g - 48. Let q(t) be the first derivative of c(t). What is q(6)?
-7
Let f(z) = z + 3. Let m be f(0). Let n be (m - 0) + 0 - 1. Let o(c) = n - 4*c**2 + 2*c**3 - 1 - 2*c**2 - 3*c**3. Determine o(-6).
1
Let s(z) = -3*z**2 + 3. Let j(y) = -y**2 + 103. Let h be j(-10). Calculate s(h).
-24
Let a(o) be the second derivative of -5/12*o**4 + o**2 + 0 + 1/3*o**3 + 19*o. Calculate a(2).
-14
Let j(d) be the second derivative of d**3/6 + 9*d**2 - 64*d. Determine j(0).
18
Let l be (-14)/(-4)*6*2/7. Let q(s) = -l + 26*s - 25*s - 1. Suppose n = -2*w + 8, n + 17 = 2*w + w. Give q(w).
-2
Let u(z) = -z - 32. Let p(g) = g**3 - 7*g**2 - 10*g + 16. Let l be p(8). What is u(l)?
-32
Let s(i) be the third derivative of 0 + 1/6*i**4 + 1/360*i**6 + 0*i**3 + 8*i**2 + 0*i - 1/30*i**5. Let h(b) be the second derivative of s(b). Calculate h(-5).
-14
Let i(s) = -6 - 14*s + 0*s + 24*s + s**2. Determine i(-9).
-15
Let a(i) be the first derivative of -i**6/180 - i**5/40 + 2*i**3 - 1. Let c(n) be the third derivative of a(n). What is c(-2)?
-2
Let u(q) be the third derivative of q**5/60 + q**3/2 - 2*q**2 - 104*q. Determine u(0).
3
Let z(d) be the first derivative of d**4/8 - 2*d**3/3 - 19*d**2 + 32. Let a(q) be the second derivative of z(q). Determine a(3).
5
Let d(r) = 2*r - 2. Suppose 3*f = -a + 3 - 18, 2*f + 10 = 0. Determine d(a).
-2
Let a(o) = -o**2 + 9*o + 13. Let f be a(9). Let x be f/7 - (-2)/14. Suppose 2*r - j + 26 = -x*r, 3*r + 5*j + 8 = 0. Let y(g) = 2*g + 7. Determine y(r).
-5
Let s(h) be the second derivative of -h**5/20 + 7*h**4/12 - 7*h**3/6 + h**2/2 - 26*h - 1. Let r be -1*(-1*24)/4. Calculate s(r).
-5
Let j be (-1 - -1) + (-12)/6*-1. Suppose -21 + j = 3*q - n, -15 = -q - 5*n. Let i(a) = -a**3 - 6*a**2 - 2*a + 3. What is i(q)?
-12
Let j(m) = m**3 + 8*m**2 - 10*m - 4. Let h be j(-9). Let d be (-2)/4*(-5 + h). Suppose d = 9*n - 13*n + 4. Let b(z) = -6*z. What is b(n)?
-6
Let u = 89 - 85. Let r(q) = -2*q + 4. Determine r(u).
-4
Let q(s) = -s - 4. Suppose p = -525 + 523. What is q(p)?
-2
Suppose -5*s + 7*b - 2*b = -25, 25 = 5*s + 4*b. Suppose 0 = -s*h + 129 + 16. Let a(k) = h*k + k**3 + 4 - 29*k. Calculate a(0).
4
Suppose -3*l = 5*d + 25, 5*d - 3*d - 3*l = -31. Let o(p) = -p**3 - 10*p**2 - 10*p + 6. Determine o(d).
-42
Let o(q) be the third derivative of -1/6*q**3 - q**2 - 1/24*q**4 + 0*q + 0. Let j = 669 - 672. Calculate o(j).
2
Let m(d) = d**2 - 11*d + 15. Let j be m(6). Let v(i) = -i**2 - 15*i + 3. Let q be v(j). Let o(s) = q*s**2 + 3 - 9 + 7 + 2*s - 4*s**2. Calculate o(4).
-7
Let m(r) = -4*r + 4. Let v = 50 + 6. Suppose -4*n - 24 + v = -4*g, n + 2*g + 1 = 0. Calculate m(n).
-16
Let d(w) = -4*w + 67. Let r(c) = 3*c - 56. Let h(p) = -4*d(p) - 5*r(p). Let o(l) = 3*l + 10. Let t be o(-5). Give h(t).
7
Let n(p) = -2*p - 13. Let i be (-3 - -2 - -35)*(-16)/32. Give n(i).
21
Let o(c) be the first derivative of -5/2*c**2 - 1/3*c**3 + 4 + 1/60*c**5 + 0*c - 1/4*c**4. Let z(y) be the second derivative of o(y). Determine z(5).
-7
Let b(z) be the first derivative of 0*z + 51 + z**2 + 1/3*z**3. Let i be 1/((4/(-2))/2). Give b(i).
-1
Let z be (3 - 2 - 5)/(-2). Suppose 0 = 3*r + z*r. Let j(x) = -x**3 - x**2 + x - 20. What is j(r)?
-20
Suppose 22*h + 294 = -27*h. Let a(n) = 4*n + 9. Determine a(h).
-15
Let m(l) be the second derivative of -l**4/12 + 17*l**2/2 - 35*l. Let i(g) be the first derivative of m(g). Give i(-2).
4
Let n(r) = 9*r + 1. Let o be 1 + 0 + 15/3. Suppose -1 = -7*g + o. What is n(g)?
10
Let i(c) = -9 - 3 + 4*c**2 - c**2 + 6. Determine i(2).
6
Suppose 0 = 6*s + 24 + 24. Let w be -4 - s/2 - -2. Let f(h) = 0 - 3 + 5*h + 2 + w. Determine f(-2).
-9
Let o be (-160)/(-24) + 3/9. Let d(q) = -35*q + 20*q + o + 16*q. What is d(-6)?
1
Suppose 3*k = 19 - 10. Suppose 3*f - 40 = -2*f. Let r(a) = -a**3 + 5*a**2 + a - f*a**2 + a**3 + a**3 + 1. Determine r(k).
4
Suppose 0 = -r, -3*g + 0*r = 2*r + 3. Let i = 331 - 327. Let b(t) = -t + 1. Let h(z) = -5*z + 13. Let j(x) = g*h(x) + i*b(x). What is j(8)?
-1
Let v(g) = -11*g - 79. Suppose 16*u - 3 = -115. Calculate v(u).
-2
Let r(l) be the second derivative of -18*l - l**2 + 0 -